{"id":13288,"date":"2025-02-26T11:16:37","date_gmt":"2025-02-26T11:16:37","guid":{"rendered":"https:\/\/nutribem.net\/?post_type=product&#038;p=13288"},"modified":"2025-08-31T04:23:23","modified_gmt":"2025-08-31T04:23:23","slug":"funil-plastico-flexivel-worker","status":"publish","type":"product","link":"https:\/\/nutribem.net\/loja\/produto\/funil-plastico-flexivel-worker\/","title":{"rendered":"FUNIL PLASTICO FLEXIVEL WORKER"},"content":{"rendered":"<p>Especifica\u00e7\u00f5es<\/p>\n<p>Marca: Worker<br \/>\nModelo: Funil Flex\u00edvel<br \/>\nRefer\u00eancia: 591556<br \/>\nComprimento da mangueira flex\u00edvel: 30cm<br \/>\nDi\u00e2metro do funil: 145mm<br \/>\nCor: Preto<br \/>\nPeso: 80g<br \/>\nComposi\u00e7\u00e3o: Pl\u00e1stico<\/p>\n<p>Informa\u00e7\u00f5es Importantes<\/p>\n<p>\u2022 Evite acidente. Mantenha o produto fora do alcance de crian\u00e7as.<br \/>\n\u2022 A aplica\u00e7\u00e3o deve ser executada por pessoa com os devidos conhecimentos, utilizando os equipamentos de prote\u00e7\u00e3o individual adequados.<br \/>\n\u2022 As cores das imagens podem sofrer altera\u00e7\u00f5es devido a luminosidade, configura\u00e7\u00f5es do monitor e at\u00e9 mesmo a percep\u00e7\u00e3o do usu\u00e1rio.<\/p>\n<p>Outras Caracter\u00edsticas<\/p>\n<p>\u2022 Beleza e praticidade em seu design.<br \/>\n\u2022 Material de alta qualidade.<br \/>\n\u2022 Leve e f\u00e1cil de manejar.<br \/>\n\u2022 Produto de qualidade Worker.<\/p>\n","protected":false},"excerpt":{"rendered":"<p>Especifica\u00e7\u00f5es Marca: Worker Modelo: Funil Flex\u00edvel Refer\u00eancia: 591556 Comprimento da mangueira flex\u00edvel: 30cm Di\u00e2metro do funil: 145mm Cor: Preto Peso:<\/p>\n","protected":false},"featured_media":13289,"comment_status":"open","ping_status":"closed","template":"","meta":[],"pwb-brand":[],"product_brand":[],"product_cat":[195],"product_tag":[],"class_list":{"0":"post-13288","1":"product","2":"type-product","3":"status-publish","4":"has-post-thumbnail","6":"product_cat-podutos-automotivos","8":"first","9":"instock","10":"shipping-taxable","11":"product-type-simple"},"brands":[],"_links":{"self":[{"href":"https:\/\/nutribem.net\/loja\/wp-json\/wp\/v2\/product\/13288","targetHints":{"allow":["GET"]}}],"collection":[{"href":"https:\/\/nutribem.net\/loja\/wp-json\/wp\/v2\/product"}],"about":[{"href":"https:\/\/nutribem.net\/loja\/wp-json\/wp\/v2\/types\/product"}],"replies":[{"embeddable":true,"href":"https:\/\/nutribem.net\/loja\/wp-json\/wp\/v2\/comments?post=13288"}],"wp:featuredmedia":[{"embeddable":true,"href":"https:\/\/nutribem.net\/loja\/wp-json\/wp\/v2\/media\/13289"}],"wp:attachment":[{"href":"https:\/\/nutribem.net\/loja\/wp-json\/wp\/v2\/media?parent=13288"}],"wp:term":[{"taxonomy":"pwb-brand","embeddable":true,"href":"https:\/\/nutribem.net\/loja\/wp-json\/wp\/v2\/pwb-brand?post=13288"},{"taxonomy":"product_brand","embeddable":true,"href":"https:\/\/nutribem.net\/loja\/wp-json\/wp\/v2\/product_brand?post=13288"},{"taxonomy":"product_cat","embeddable":true,"href":"https:\/\/nutribem.net\/loja\/wp-json\/wp\/v2\/product_cat?post=13288"},{"taxonomy":"product_tag","embeddable":true,"href":"https:\/\/nutribem.net\/loja\/wp-json\/wp\/v2\/product_tag?post=13288"}],"curies":[{"name":"wp","href":"https:\/\/api.w.org\/{rel}","templated":true}]}}