{"id":13264,"date":"2025-02-26T09:52:08","date_gmt":"2025-02-26T09:52:08","guid":{"rendered":"https:\/\/nutribem.net\/?post_type=product&#038;p=13264"},"modified":"2025-08-24T14:58:53","modified_gmt":"2025-08-24T14:58:53","slug":"adubo-npk-04-14-08-fertipar-micros","status":"publish","type":"product","link":"https:\/\/nutribem.net\/loja\/produto\/adubo-npk-04-14-08-fertipar-micros\/","title":{"rendered":"ADUBO NPK 04-14-08 FERTIPAR + MICROS"},"content":{"rendered":"<p><span class=\"sc-dcJsrY jZKEso\" data-testid=\"product-detail-title\">Fertilizante Adubo Npk 04 14 08 Para plantas hortas flores frutas &#8211; 1kg<\/span><\/p>\n<div class=\"sc-iGgWBj jEOEJZ sc-kCoybQ gAHJyd\" data-testid=\"product-detail-description\">\n<div class=\"sc-iGgWBj eWtIHQ sc-cibtfC kcewpi\" data-testid=\"rich-content-container\">Adubo Fertilizante Heringer NPK 04 14 08 Aten\u00e7\u00e3o &#8211; Embalagem fracionada de 1kg (N) Nitrog\u00eanio- \u00e9 respons\u00e1vel pela forma\u00e7\u00e3o e crescimento da parte verde das plantas (caule e folhas). (P) Fosforo- garante o surgimento de flores e frutos. (K) Pot\u00e1ssio- respons\u00e1vel pela forma\u00e7\u00e3o de ra\u00edzes, fortifica a planta, para combater pragas e doen\u00e7as, e resistir \u00e1 varia\u00e7\u00f5es de clima, at\u00e9 a seca. NPK 4-14-8 (quatro partes de nitrog\u00eanio, 14 partes de f\u00f3sforo e oito partes de pot\u00e1ssio): ideal para esp\u00e9cies que produzem flores e frutos, como hibisco, azaleias, violetas e c\u00edtricos. Os fabricantes dizem que essa formula\u00e7\u00e3o \u00e9 ideal para ser aplicada no momento do plantio e no preparo do solo devido ao seu alto teor de f\u00f3sforo;<\/div>\n<\/div>\n","protected":false},"excerpt":{"rendered":"<p>Fertilizante Adubo Npk 04 14 08 Para plantas hortas flores frutas &#8211; 1kg Adubo Fertilizante Heringer NPK 04 14 08<\/p>\n","protected":false},"featured_media":13265,"comment_status":"open","ping_status":"closed","template":"","meta":[],"pwb-brand":[],"product_brand":[],"product_cat":[150],"product_tag":[],"class_list":{"0":"post-13264","1":"product","2":"type-product","3":"status-publish","4":"has-post-thumbnail","6":"product_cat-adubos","8":"first","9":"instock","10":"shipping-taxable","11":"product-type-simple"},"brands":[],"_links":{"self":[{"href":"https:\/\/nutribem.net\/loja\/wp-json\/wp\/v2\/product\/13264","targetHints":{"allow":["GET"]}}],"collection":[{"href":"https:\/\/nutribem.net\/loja\/wp-json\/wp\/v2\/product"}],"about":[{"href":"https:\/\/nutribem.net\/loja\/wp-json\/wp\/v2\/types\/product"}],"replies":[{"embeddable":true,"href":"https:\/\/nutribem.net\/loja\/wp-json\/wp\/v2\/comments?post=13264"}],"wp:featuredmedia":[{"embeddable":true,"href":"https:\/\/nutribem.net\/loja\/wp-json\/wp\/v2\/media\/13265"}],"wp:attachment":[{"href":"https:\/\/nutribem.net\/loja\/wp-json\/wp\/v2\/media?parent=13264"}],"wp:term":[{"taxonomy":"pwb-brand","embeddable":true,"href":"https:\/\/nutribem.net\/loja\/wp-json\/wp\/v2\/pwb-brand?post=13264"},{"taxonomy":"product_brand","embeddable":true,"href":"https:\/\/nutribem.net\/loja\/wp-json\/wp\/v2\/product_brand?post=13264"},{"taxonomy":"product_cat","embeddable":true,"href":"https:\/\/nutribem.net\/loja\/wp-json\/wp\/v2\/product_cat?post=13264"},{"taxonomy":"product_tag","embeddable":true,"href":"https:\/\/nutribem.net\/loja\/wp-json\/wp\/v2\/product_tag?post=13264"}],"curies":[{"name":"wp","href":"https:\/\/api.w.org\/{rel}","templated":true}]}}